{"id":15547,"date":"2022-10-11T16:55:18","date_gmt":"2022-10-11T15:55:18","guid":{"rendered":"https:\/\/rap.montanhasmagicas.pt\/?post_type=points_of_interest&#038;p=15547"},"modified":"2022-10-11T16:55:18","modified_gmt":"2022-10-11T15:55:18","slug":"albufeira-de-ribeiradio","status":"publish","type":"points_of_interest","link":"https:\/\/rap.montanhasmagicas.pt\/es\/points_of_interest\/albufeira-de-ribeiradio\/","title":{"rendered":"Albufeira de Ribeiradio"},"content":{"rendered":"<p>El embalse de Ribeiradio est\u00e1 situado en el medio Vouga a aproximadamente 85 km del manantial, a cerca de 3 km de Sever do Vouga, entre las localidades de Ribeiradio y Couto de Esteves. La presa tiene 76 metros de alto y crea un embalse con 136 hect\u00f3metros c\u00fabicos a la cuota de 110 metros de altura. Se extiende por cerca de 14 km del r\u00edo Vouga, entre el puente de Cunhedo y el embalse de Ribeiradio, pasando por valles muy encajados que proporcionan un encuadre paisaj\u00edstico de gan belleza. El r\u00edo Vouga nace en la sierra de Lapa, a cerca de 955 metros de altitud y desemboca en la ria de Aveiro, despu\u00e9s de un recorrido de aproximadamente 130 km. El espejo de agua es ideal para los deportes n\u00e1uticos, como el kayak o el stand up paddle, siendo hoy un nuevo elemento de atracci\u00f3n tur\u00edstica de la regi\u00f3n. En la aldea de Amiais, aldea de la red de Aldeias de Portugal\u00ae, la antigua era comunitaria ha sido recuperada, un recuerdo de anta\u00f1o, cuando la subsistencia de las poblaciones depend\u00eda del ma\u00edz.<\/p>\n","protected":false},"featured_media":14884,"template":"","lines_points_of_interest":[1106],"line_data":{"name":"L\u00ednea V \u2013 Vouga","letter":"V","color":"#1c75bc"},"featured_url":"https:\/\/rap.montanhasmagicas.pt\/wp-content\/uploads\/2022\/10\/AlbufeiradeRibeiradiopoente-1024x684.jpeg","images_gallery":[{"image_url":"https:\/\/rap.montanhasmagicas.pt\/wp-content\/uploads\/2022\/10\/AlbufeiradeRibeiradiopoente.jpeg","image_title":"Albufeira de Ribeiradio (poente)"},{"image_url":"https:\/\/rap.montanhasmagicas.pt\/wp-content\/uploads\/2022\/10\/AlbufeiradeRibeiradio.jpeg","image_title":"Albufeira de Ribeiradio"},{"image_url":"https:\/\/rap.montanhasmagicas.pt\/wp-content\/uploads\/2022\/10\/Eira.jpeg","image_title":"Eira dos Amiais"}],"interests":[{"title":"Biodiversidad","description":"<p>En las m\u00e1rgenes del embalse de Ribeiradio se pueden observar muchas especies de la flora con gran inter\u00e9s, como el acicate de olor portugu\u00eas, la primavera, el sello de Salom\u00f3n o la lengua cervina. La garza real, el mart\u00edn pescador y la nutria son especies que f\u00e1cilmente se adaptan a los cambios en el h\u00e1bitat y siguen prosperando en las aguas del embalse. Con el espejo de agua llegaron nuevas especies adaptadas a este h\u00e1bitat, algunas invasoras \u2013 como la carpa o la perca atruchada, otras aut\u00f3ctonas \u2013 como el \u00e1nade real, el cormor\u00e1n grande y algunas especies de gaviotas m\u00e1s comunes.<\/p>\n","images":[{"image_url":"https:\/\/rap.montanhasmagicas.pt\/wp-content\/uploads\/2022\/10\/Eira.jpeg","image_title":"Gar\u00e7a-real"},{"image_url":"https:\/\/rap.montanhasmagicas.pt\/wp-content\/uploads\/2022\/10\/Eira.jpeg","image_title":"Guarda-rios"}]},{"title":"Patrimonio Arqueol\u00f3gico","description":"<p>Cuando se hicieron los trabajos de acompa\u00f1amiento del emprendimiento hidroel\u00e9ctrico de Ribeiradio se han descubierto varios artefactos arqueol\u00f3gicos, destac\u00e1ndose los vestigios de ocupaci\u00f3n humana en el Paleol\u00edtico. Estas comunidades se fijaban en la desembocadura de los r\u00edos a lo largo del Vouga, como comprueban los hallados en la desembocadura del Teixeira, del Gaia, y del riachuelo de Pontinha. Hasta ahora este tipo de ocupaci\u00f3n era desconocido en este territorio, siendo un caso excepcional en el Paleol\u00edtico Superior ib\u00e9rico, y \u00fanico en el noroeste de Portugal. Uno de los mejores yacimientos se localiza en la desembocadura del Teixeira (em Rod\u00f4), y presenta vestigios de estructuras de combusti\u00f3n, fondos de caba\u00f1a y artefactos de piedra caracter\u00edsticos del Paleol\u00edtico Superior. La excelencia de estos hallazgos se comprueba por la presencia de todas las fases de talla de la industria l\u00edtica: n\u00facleos, lascas, restos de talla, huesos, lamelas y rascadores, algunos de ellos en exposici\u00f3n en el Museo Municipal de Sever o Vouga. Estos hallazgos se atribuyen al per\u00edodo magdaleniense, entre los 17.000 y los 10.000 a. C., y son testigo de la ancestralidad de la ocupaci\u00f3n humana en estos lugares.<\/p>\n","images":[{"image_url":"https:\/\/rap.montanhasmagicas.pt\/wp-content\/uploads\/2022\/10\/Eira.jpeg","image_title":"Fragmento arqueol\u00f3gico"},{"image_url":"https:\/\/rap.montanhasmagicas.pt\/wp-content\/uploads\/2022\/10\/Eira.jpeg","image_title":"Escava\u00e7\u00f5es arqueol\u00f3gicas"}]}],"details":{"number_of_point":"9","dificulty":"low","access":"Coche\/Peat\u00f3n","type_of_route":"Lineal"},"map_data":{"address":"","gps_coords":"40.743250,-8.308344"},"_links":{"self":[{"href":"https:\/\/rap.montanhasmagicas.pt\/es\/wp-json\/wp\/v2\/points_of_interest\/15547"}],"collection":[{"href":"https:\/\/rap.montanhasmagicas.pt\/es\/wp-json\/wp\/v2\/points_of_interest"}],"about":[{"href":"https:\/\/rap.montanhasmagicas.pt\/es\/wp-json\/wp\/v2\/types\/points_of_interest"}],"wp:featuredmedia":[{"embeddable":true,"href":"https:\/\/rap.montanhasmagicas.pt\/es\/wp-json\/wp\/v2\/media\/14884"}],"wp:attachment":[{"href":"https:\/\/rap.montanhasmagicas.pt\/es\/wp-json\/wp\/v2\/media?parent=15547"}],"wp:term":[{"taxonomy":"lines_points_of_interest","embeddable":true,"href":"https:\/\/rap.montanhasmagicas.pt\/es\/wp-json\/wp\/v2\/lines_points_of_interest?post=15547"}],"curies":[{"name":"wp","href":"https:\/\/api.w.org\/{rel}","templated":true}]}}

<p>El embalse de Ribeiradio está situado en el medio Vouga a aproximadamente 85 km del manantial, a cerca de 3 km de Sever do Vouga, entre las localidades de Ribeiradio y Couto de Esteves. La presa tiene 76 metros de alto y crea un embalse con 136 hectómetros cúbicos a la cuota de 110 metros de altura. Se extiende por cerca de 14 km del río Vouga, entre el puente de Cunhedo y el embalse de Ribeiradio, pasando por valles muy encajados que proporcionan un encuadre paisajístico de gan belleza. El río Vouga nace en la sierra de Lapa, a cerca de 955 metros de altitud y desemboca en la ria de Aveiro, después de un recorrido de aproximadamente 130 km. El espejo de agua es ideal para los deportes náuticos, como el kayak o el stand up paddle, siendo hoy un nuevo elemento de atracción turística de la región. En la aldea de Amiais, aldea de la red de Aldeias de Portugal®, la antigua era comunitaria ha sido recuperada, un recuerdo de antaño, cuando la subsistencia de las poblaciones dependía del maíz.</p>

Línea V – Vouga

<p>En las márgenes del embalse de Ribeiradio se pueden observar muchas especies de la flora con gran interés, como el acicate de olor português, la primavera, el sello de Salomón o la lengua cervina. La garza real, el martín pescador y la nutria son especies que fácilmente se adaptan a los cambios en el hábitat y siguen prosperando en las aguas del embalse. Con el espejo de agua llegaron nuevas especies adaptadas a este hábitat, algunas invasoras – como la carpa o la perca atruchada, otras autóctonas – como el ánade real, el cormorán grande y algunas especies de gaviotas más comunes.</p>

Garça-real

Patrimonio Arqueológico

<p>Cuando se hicieron los trabajos de acompañamiento del emprendimiento hidroeléctrico de Ribeiradio se han descubierto varios artefactos arqueológicos, destacándose los vestigios de ocupación humana en el Paleolítico. Estas comunidades se fijaban en la desembocadura de los ríos a lo largo del Vouga, como comprueban los hallados en la desembocadura del Teixeira, del Gaia, y del riachuelo de Pontinha. Hasta ahora este tipo de ocupación era desconocido en este territorio, siendo un caso excepcional en el Paleolítico Superior ibérico, y único en el noroeste de Portugal. Uno de los mejores yacimientos se localiza en la desembocadura del Teixeira (em Rodô), y presenta vestigios de estructuras de combustión, fondos de cabaña y artefactos de piedra característicos del Paleolítico Superior. La excelencia de estos hallazgos se comprueba por la presencia de todas las fases de talla de la industria lítica: núcleos, lascas, restos de talla, huesos, lamelas y rascadores, algunos de ellos en exposición en el Museo Municipal de Sever o Vouga. Estos hallazgos se atribuyen al período magdaleniense, entre los 17.000 y los 10.000 a. C., y son testigo de la ancestralidad de la ocupación humana en estos lugares.</p>

Fragmento arqueológico

Escavações arqueológicas

Coche/Peatón
