{"id":15556,"date":"2022-10-11T17:14:41","date_gmt":"2022-10-11T16:14:41","guid":{"rendered":"https:\/\/rap.montanhasmagicas.pt\/?post_type=points_of_interest&#038;p=15556"},"modified":"2022-10-11T17:14:41","modified_gmt":"2022-10-11T16:14:41","slug":"necropole-de-chao-redondo","status":"publish","type":"points_of_interest","link":"https:\/\/rap.montanhasmagicas.pt\/es\/points_of_interest\/necropole-de-chao-redondo\/","title":{"rendered":"Necr\u00f3pole de Ch\u00e3o Redondo"},"content":{"rendered":"<p>La necr\u00f3polis megal\u00edtica de Ch\u00e3o Redondo se compone de dos monumentos de corredor, a cerca de 50 metros de distancia uno de otro, implantados en la ladera de la sierra de Talhadas. De estos dos, se destacan el dolmen de Ch\u00e3o Redondo 2 que, a la par del anta de Cerqueira, es el monumento megal\u00edtico m\u00e1s conocido de Sever do Vouga. Su notoriedad viene de los grabados que decoran el ortostato de cabecera y el corredor, que lo convierten en uno de los d\u00f3lmenes con un decorado m\u00e1s profuso de la Pen\u00ednsula Ib\u00e9rica. Es un dolmen de c\u00e1mara poligonal con 2,3 metros de largo, constituido por siete piedras tumularias, u ortostatos, de los cuales apenas cinco se mantuvieron. El dolmen con casi 2 metros de alto presenta un di\u00e1metro de 18 metros. Este monumento pertenece al neol\u00edtico y su edificaci\u00f3n se remonta a hace cerca de 6000 a\u00f1os.<\/p>\n","protected":false},"featured_media":14813,"template":"","lines_points_of_interest":[1106],"line_data":{"name":"L\u00ednea V \u2013 Vouga","letter":"V","color":"#1c75bc"},"featured_url":"https:\/\/rap.montanhasmagicas.pt\/wp-content\/uploads\/2022\/10\/Dolmen-2-1024x684.jpeg","images_gallery":[{"image_url":"https:\/\/rap.montanhasmagicas.pt\/wp-content\/uploads\/2022\/10\/Dolmen-2.jpeg","image_title":"D\u00f3lmen"},{"image_url":"https:\/\/rap.montanhasmagicas.pt\/wp-content\/uploads\/2022\/10\/Dolmen2.jpeg","image_title":"D\u00f3lmen 2 de Ch\u00e3o Redondo"}],"interests":[{"title":"Biodiversidad","description":"<p>Cerca de la necr\u00f3polis corre un peque\u00f1o arroyo afluente del r\u00edo Alfusqueiro. Junto a \u00e9l se pueden observar el lagarto verdinegro y la rana patilarga. En los aires, el ratonero y el gavil\u00e1n dictan su ley, y en los afloramientos gran\u00edticos de estos yermos, la mariposa saltacercas y los delicados narcisos acampanados encuentran su h\u00e1bitat. Junto al Alfusqueiro nos espera una sorpresa: algunos rododendros se encuentran aqu\u00ed en el l\u00edmite oeste de su distribuci\u00f3n.<\/p>\n","images":[{"image_url":"https:\/\/rap.montanhasmagicas.pt\/wp-content\/uploads\/2022\/10\/Dolmen2.jpeg","image_title":"Campainhas-amarelas"},{"image_url":"https:\/\/rap.montanhasmagicas.pt\/wp-content\/uploads\/2022\/10\/Dolmen2.jpeg","image_title":"Loendro"}]},{"title":"Significado de los grabados","description":"<p>El ortostato de cabecera presenta una serie de \u201cVs\u201d que pueden representar una entidad tutelar. El ortostato de la derecha registra zigzags y c\u00edrculos y el del corredor un meandro. Los motivos representados, esencialmente geom\u00e9tricos, se pueden entender como manifestaciones rituales que se encuentran insertadas en un discurso en el cual todo el monumento forma parte. Este mismo discurso solo tiene sentido cuando consideramos el monumento como un todo y, as\u00ed, entender como \u00e9l tambi\u00e9n interactuaba con los dem\u00e1s monumentos de la necr\u00f3polis. Este era un lugar de culto, donde el p\u00fablico participaba en el espacio delimitado por un peque\u00f1o muro, el atrio, siendo el acceso a la galer\u00eda f\u00fanebre y a los grabados solamente permitido a los elegidos.<\/p>\n","images":[{"image_url":"https:\/\/rap.montanhasmagicas.pt\/wp-content\/uploads\/2022\/10\/Dolmen2.jpeg","image_title":"Gravura"}]},{"title":"Patrimonio Hist\u00f3rico","description":"<p>La calzada romana de Ereira es testigo de la intensa red viaria que, durante siglos, fue utilizada por las legiones romanas para imponer su poder\u00edo en Lusit\u00e2nia. El tramo de via romana que pasa en Ereira hac\u00eda la conexi\u00f3n entre el nudo viario de Viseu y la v\u00eda Olissipo\/Bracara, o sea, Lisboa\/Braga, edificada entre los siglos II y IV d. C.<\/p>\n","images":[{"image_url":"https:\/\/rap.montanhasmagicas.pt\/wp-content\/uploads\/2022\/10\/Dolmen2.jpeg","image_title":"Estrada romana de Ereira"}]}],"details":{"number_of_point":"6","dificulty":"low","access":"Peatonal","type_of_route":"Lineal"},"map_data":{"address":"","gps_coords":"40.664119,-8.311561"},"_links":{"self":[{"href":"https:\/\/rap.montanhasmagicas.pt\/es\/wp-json\/wp\/v2\/points_of_interest\/15556"}],"collection":[{"href":"https:\/\/rap.montanhasmagicas.pt\/es\/wp-json\/wp\/v2\/points_of_interest"}],"about":[{"href":"https:\/\/rap.montanhasmagicas.pt\/es\/wp-json\/wp\/v2\/types\/points_of_interest"}],"wp:featuredmedia":[{"embeddable":true,"href":"https:\/\/rap.montanhasmagicas.pt\/es\/wp-json\/wp\/v2\/media\/14813"}],"wp:attachment":[{"href":"https:\/\/rap.montanhasmagicas.pt\/es\/wp-json\/wp\/v2\/media?parent=15556"}],"wp:term":[{"taxonomy":"lines_points_of_interest","embeddable":true,"href":"https:\/\/rap.montanhasmagicas.pt\/es\/wp-json\/wp\/v2\/lines_points_of_interest?post=15556"}],"curies":[{"name":"wp","href":"https:\/\/api.w.org\/{rel}","templated":true}]}}

Necrópole de Chão Redondo

<p>La necrópolis megalítica de Chão Redondo se compone de dos monumentos de corredor, a cerca de 50 metros de distancia uno de otro, implantados en la ladera de la sierra de Talhadas. De estos dos, se destacan el dolmen de Chão Redondo 2 que, a la par del anta de Cerqueira, es el monumento megalítico más conocido de Sever do Vouga. Su notoriedad viene de los grabados que decoran el ortostato de cabecera y el corredor, que lo convierten en uno de los dólmenes con un decorado más profuso de la Península Ibérica. Es un dolmen de cámara poligonal con 2,3 metros de largo, constituido por siete piedras tumularias, u ortostatos, de los cuales apenas cinco se mantuvieron. El dolmen con casi 2 metros de alto presenta un diámetro de 18 metros. Este monumento pertenece al neolítico y su edificación se remonta a hace cerca de 6000 años.</p>

Línea V – Vouga

Dólmen

Dólmen 2 de Chão Redondo

<p>Cerca de la necrópolis corre un pequeño arroyo afluente del río Alfusqueiro. Junto a él se pueden observar el lagarto verdinegro y la rana patilarga. En los aires, el ratonero y el gavilán dictan su ley, y en los afloramientos graníticos de estos yermos, la mariposa saltacercas y los delicados narcisos acampanados encuentran su hábitat. Junto al Alfusqueiro nos espera una sorpresa: algunos rododendros se encuentran aquí en el límite oeste de su distribución.</p>

<p>El ortostato de cabecera presenta una serie de “Vs” que pueden representar una entidad tutelar. El ortostato de la derecha registra zigzags y círculos y el del corredor un meandro. Los motivos representados, esencialmente geométricos, se pueden entender como manifestaciones rituales que se encuentran insertadas en un discurso en el cual todo el monumento forma parte. Este mismo discurso solo tiene sentido cuando consideramos el monumento como un todo y, así, entender como él también interactuaba con los demás monumentos de la necrópolis. Este era un lugar de culto, donde el público participaba en el espacio delimitado por un pequeño muro, el atrio, siendo el acceso a la galería fúnebre y a los grabados solamente permitido a los elegidos.</p>

Patrimonio Histórico

<p>La calzada romana de Ereira es testigo de la intensa red viaria que, durante siglos, fue utilizada por las legiones romanas para imponer su poderío en Lusitânia. El tramo de via romana que pasa en Ereira hacía la conexión entre el nudo viario de Viseu y la vía Olissipo/Bracara, o sea, Lisboa/Braga, edificada entre los siglos II y IV d. C.</p>
